{"id":6661,"date":"2018-04-30T20:49:29","date_gmt":"2018-04-30T17:19:29","guid":{"rendered":"https:\/\/jalalmalaksha.com\/?page_id=6661"},"modified":"2021-11-10T12:14:50","modified_gmt":"2021-11-10T07:14:50","slug":"%d8%a8%da%b5%d8%a7%da%af-2","status":"publish","type":"page","link":"https:\/\/jalalmalaksha.com\/?page_id=6661&lang=kr","title":{"rendered":"V\u00eedyo Celal\u00ea Melek\u015fay\u00ea"},"content":{"rendered":"<p><div   class='avia-fullscreen-slider main_color   avia-builder-el-0  el_before_av_one_full  avia-builder-el-first  container_wrap sidebar_right'  ><div  class='avia-slideshow av-kmdxd4b6-2855ebd7d158b12a1ae0edd2c001fcbe avia-slideshow-extra_large av_fullscreen avia-slide-slider av-slideshow-ui av-control-default av-slideshow-manual av-loop-once av-loop-manual-endless av-default-height-applied   avia-slideshow-1' data-slideshow-options=\"{&quot;animation&quot;:&quot;slide&quot;,&quot;autoplay&quot;:false,&quot;loop_autoplay&quot;:&quot;once&quot;,&quot;interval&quot;:5,&quot;loop_manual&quot;:&quot;manual-endless&quot;,&quot;autoplay_stopper&quot;:false,&quot;noNavigation&quot;:false,&quot;bg_slider&quot;:true,&quot;keep_padding&quot;:false,&quot;hoverpause&quot;:false,&quot;show_slide_delay&quot;:0,&quot;slide_height&quot;:&quot;100&quot;,&quot;image_attachment&quot;:&quot;&quot;}\"  itemprop=\"image\" itemscope=\"itemscope\" itemtype=\"https:\/\/schema.org\/ImageObject\" ><ul class='avia-slideshow-inner ' style='padding-bottom: 47.777777777778%;'><li style='background-position:center center;' data-img-url='https:\/\/jalalmalaksha.com\/wp-content\/uploads\/2021\/03\/jalalmalaksha-official.jpg' class='avia-slideshow-slide av-kmdxd4b6-2855ebd7d158b12a1ae0edd2c001fcbe__0  av-single-slide slide-1 slide-odd'><div data-rel='slideshow-1' class='avia-slide-wrap '   ><\/div><\/li><\/ul><\/div><\/div><div id='after_full_slider_1'  class='main_color av_default_container_wrap container_wrap sidebar_right'  ><div class='container av-section-cont-open' ><div class='template-page content  av-content-small alpha units'><div class='post-entry post-entry-type-page post-entry-6661'><div class='entry-content-wrapper clearfix'><br \/>\n\n<style type=\"text\/css\" data-created_by=\"avia_inline_auto\" id=\"style-css-av-99uxft-33c16fb0b74095938dcf373971856ec0\">\n.flex_column.av-99uxft-33c16fb0b74095938dcf373971856ec0{\nborder-radius:0px 0px 0px 0px;\npadding:0px 0px 0px 0px;\n}\n<\/style>\n<div  class='flex_column av-99uxft-33c16fb0b74095938dcf373971856ec0 av_one_full  avia-builder-el-1  el_after_av_fullscreen  el_before_av_one_half  avia-builder-el-first  first flex_column_div av-zero-column-padding  '     ><style type=\"text\/css\" data-created_by=\"avia_inline_auto\" id=\"style-css-av-6wf0ex-04e4887e5ac6aa2d1b3740e00ba356ed\">\n#top .av-special-heading.av-6wf0ex-04e4887e5ac6aa2d1b3740e00ba356ed{\npadding-bottom:10px;\nfont-size:25px;\n}\nbody .av-special-heading.av-6wf0ex-04e4887e5ac6aa2d1b3740e00ba356ed .av-special-heading-tag .heading-char{\nfont-size:25px;\n}\n#top #wrap_all .av-special-heading.av-6wf0ex-04e4887e5ac6aa2d1b3740e00ba356ed .av-special-heading-tag{\nfont-size:25px;\n}\n.av-special-heading.av-6wf0ex-04e4887e5ac6aa2d1b3740e00ba356ed .av-subheading{\nfont-size:22px;\n}\n\n@media only screen and (min-width: 480px) and (max-width: 767px){ \n#top #wrap_all .av-special-heading.av-6wf0ex-04e4887e5ac6aa2d1b3740e00ba356ed .av-special-heading-tag{\nfont-size:0.8em;\n}\n}\n\n@media only screen and (max-width: 479px){ \n#top #wrap_all .av-special-heading.av-6wf0ex-04e4887e5ac6aa2d1b3740e00ba356ed .av-special-heading-tag{\nfont-size:0.8em;\n}\n}\n<\/style>\n<div  class='av-special-heading av-6wf0ex-04e4887e5ac6aa2d1b3740e00ba356ed av-special-heading-h1 blockquote modern-quote  avia-builder-el-2  avia-builder-el-no-sibling  av-inherit-size'><h1 class='av-special-heading-tag'  itemprop=\"headline\"  >|\u25c4 \u06af\u06d5\u0644\u06d5\u0631\u06cc \u06a4\u06cc\u062f\u06cc\u06c6<\/h1><div class='av-subheading av-subheading_below'><p>Di v\u00ea be\u015fa malpera Celal\u00ea Malek\u015fay\u00ea de, em hewl didin hem\u00ee f\u00eelm, v\u00eedyo \u00fb belgef\u00eelm \u00fb hem\u00ee rapor\u00ean li ser jiyana mamoste Celal\u00ea Melek\u015fay\u00ea re kom bikin \u00fb bidin ber dest\u00ea xwendevan\u00ean malpera mamoste Celal\u00ea Melek\u015fay\u00ea<\/p>\n<\/div><div class=\"special-heading-border\"><div class=\"special-heading-inner-border\"><\/div><\/div><\/div><\/div>\n<style type=\"text\/css\" data-created_by=\"avia_inline_auto\" id=\"style-css-av-5m09t5-d4f9e18f063742fd6bf6eb67391751f8\">\n.flex_column.av-5m09t5-d4f9e18f063742fd6bf6eb67391751f8{\nborder-radius:0px 0px 0px 0px;\npadding:0px 0px 0px 0px;\n}\n<\/style>\n<div  class='flex_column av-5m09t5-d4f9e18f063742fd6bf6eb67391751f8 av_one_half  avia-builder-el-3  el_after_av_one_full  el_before_av_one_half  first flex_column_div av-zero-column-padding  column-top-margin'     ><p>\n<style type=\"text\/css\" data-created_by=\"avia_inline_auto\" id=\"style-css-av-kmaqi673-eb84acc6e0a1d7bd95092a62440d4de4\">\n#top .av-special-heading.av-kmaqi673-eb84acc6e0a1d7bd95092a62440d4de4{\npadding-bottom:10px;\n}\nbody .av-special-heading.av-kmaqi673-eb84acc6e0a1d7bd95092a62440d4de4 .av-special-heading-tag .heading-char{\nfont-size:25px;\n}\n.av-special-heading.av-kmaqi673-eb84acc6e0a1d7bd95092a62440d4de4 .av-subheading{\nfont-size:15px;\n}\n<\/style>\n<div  class='av-special-heading av-kmaqi673-eb84acc6e0a1d7bd95092a62440d4de4 av-special-heading-h3 blockquote modern-quote modern-centered  avia-builder-el-4  el_before_av_video  avia-builder-el-first '><h3 class='av-special-heading-tag'  itemprop=\"headline\"  >belgef\u00eelm\u00ea cantaya sefer\u00ea<\/h3><div class='av-subheading av-subheading_below'><p>kenala Kurdistan 24 -2016<\/p>\n<\/div><div class=\"special-heading-border\"><div class=\"special-heading-inner-border\"><\/div><\/div><\/div><br \/>\n<div  class='avia-video av-kmag0ykj-04bb68d8b32276e38b53e7581b84327f avia-video-16-9 av-no-preview-image avia-video-lightbox av-lazyload-video-embed avia-video-standard-html'  itemprop=\"video\" itemtype=\"https:\/\/schema.org\/VideoObject\"  data-original_url='https:\/\/jalalmalaksha.com\/wp-content\/uploads\/2021\/03\/CantayaGeshte_CelalMeleksha.mp4'><script type='text\/html' class='av-video-tmpl'><a href='https:\/\/jalalmalaksha.com\/wp-content\/uploads\/2021\/03\/CantayaGeshte_CelalMeleksha.mp4' rel='lightbox' class='mfp-iframe lightbox-link'><\/a><\/script><div class=\"av-click-to-play-overlay play-lightbox\"><div class=\"avia_playpause_icon\"><\/div><\/div><\/div><\/p><\/div>\n<style type=\"text\/css\" data-created_by=\"avia_inline_auto\" id=\"style-css-av-25zw7t-7f0bfbf232782f3e69f73a8c58699e61\">\n.flex_column.av-25zw7t-7f0bfbf232782f3e69f73a8c58699e61{\nborder-radius:0px 0px 0px 0px;\npadding:0px 0px 0px 0px;\n}\n<\/style>\n<div  class='flex_column av-25zw7t-7f0bfbf232782f3e69f73a8c58699e61 av_one_half  avia-builder-el-6  el_after_av_one_half  el_before_av_one_half  flex_column_div av-zero-column-padding  column-top-margin'     ><p>\n<style type=\"text\/css\" data-created_by=\"avia_inline_auto\" id=\"style-css-av-kv0zhvtw-e33dc49b02d296187a1aefe4a9e40b4a\">\n#top .av-special-heading.av-kv0zhvtw-e33dc49b02d296187a1aefe4a9e40b4a{\npadding-bottom:10px;\n}\nbody .av-special-heading.av-kv0zhvtw-e33dc49b02d296187a1aefe4a9e40b4a .av-special-heading-tag .heading-char{\nfont-size:25px;\n}\n.av-special-heading.av-kv0zhvtw-e33dc49b02d296187a1aefe4a9e40b4a .av-subheading{\nfont-size:15px;\n}\n<\/style>\n<div  class='av-special-heading av-kv0zhvtw-e33dc49b02d296187a1aefe4a9e40b4a av-special-heading-h3 blockquote modern-quote modern-centered  avia-builder-el-7  el_before_av_video  avia-builder-el-first '><h3 class='av-special-heading-tag'  itemprop=\"headline\"  >Helbestvanek\u00ee li zayenda dara berr\u00fby\u00ea <\/h3><div class='av-subheading av-subheading_below'><p>Kenala T\u00ee\u015fk tv<\/p>\n<\/div><div class=\"special-heading-border\"><div class=\"special-heading-inner-border\"><\/div><\/div><\/div><br \/>\n<div  class='avia-video av-kv0zkuev-38e7520c295c9b839adf83a880fac5f6 avia-video-16-9 av-no-preview-image avia-video-lightbox av-lazyload-video-embed avia-video-standard-html'  itemprop=\"video\" itemtype=\"https:\/\/schema.org\/VideoObject\"  data-original_url='https:\/\/jalalmalaksha.com\/wp-content\/uploads\/2021\/03\/CelalMeleksha_TishkTV.mp4'><script type='text\/html' class='av-video-tmpl'><a href='https:\/\/jalalmalaksha.com\/wp-content\/uploads\/2021\/03\/CelalMeleksha_TishkTV.mp4' rel='lightbox' class='mfp-iframe lightbox-link'><\/a><\/script><div class=\"av-click-to-play-overlay play-lightbox\"><div class=\"avia_playpause_icon\"><\/div><\/div><\/div><\/p><\/div>\n<style type=\"text\/css\" data-created_by=\"avia_inline_auto\" id=\"style-css-av-fsqnd-0d42d31a6c0823c80772238aaba73832\">\n.flex_column.av-fsqnd-0d42d31a6c0823c80772238aaba73832{\nborder-radius:0px 0px 0px 0px;\npadding:0px 0px 0px 0px;\n}\n<\/style>\n<div  class='flex_column av-fsqnd-0d42d31a6c0823c80772238aaba73832 av_one_half  avia-builder-el-9  el_after_av_one_half  avia-builder-el-last  first flex_column_div av-zero-column-padding  column-top-margin'     ><p>\n<style type=\"text\/css\" data-created_by=\"avia_inline_auto\" id=\"style-css-av-kv1266js-3988bbde8f8df76a4844ae33bfde8a3b\">\n#top .av-special-heading.av-kv1266js-3988bbde8f8df76a4844ae33bfde8a3b{\npadding-bottom:10px;\n}\nbody .av-special-heading.av-kv1266js-3988bbde8f8df76a4844ae33bfde8a3b .av-special-heading-tag .heading-char{\nfont-size:25px;\n}\n.av-special-heading.av-kv1266js-3988bbde8f8df76a4844ae33bfde8a3b .av-subheading{\nfont-size:15px;\n}\n<\/style>\n<div  class='av-special-heading av-kv1266js-3988bbde8f8df76a4844ae33bfde8a3b av-special-heading-h3 blockquote modern-quote modern-centered  avia-builder-el-10  el_before_av_video  avia-builder-el-first '><h3 class='av-special-heading-tag'  itemprop=\"headline\"  >belgef\u00eelm\u00ea Celal\u00ea Melek\u015fa<\/h3><div class='av-subheading av-subheading_below'><p>derh\u00eaner: s\u00fbsen rezay\u00ee \u2013 emced reh\u00eem\u00ee<\/p>\n<\/div><div class=\"special-heading-border\"><div class=\"special-heading-inner-border\"><\/div><\/div><\/div><br \/>\n<div  class='avia-video av-bmx4p-5ab909a26a344293bb6c9b6ead9a2f3d avia-video-16-9 av-no-preview-image avia-video-lightbox av-lazyload-video-embed avia-video-standard-html'  itemprop=\"video\" itemtype=\"https:\/\/schema.org\/VideoObject\"  data-original_url='https:\/\/jalalmalaksha.com\/wp-content\/uploads\/2021\/03\/CelalMeleksha_Documentary.mp4'><script type='text\/html' class='av-video-tmpl'><a href='https:\/\/jalalmalaksha.com\/wp-content\/uploads\/2021\/03\/CelalMeleksha_Documentary.mp4' rel='lightbox' class='mfp-iframe lightbox-link'><\/a><\/script><div class=\"av-click-to-play-overlay play-lightbox\"><div class=\"avia_playpause_icon\"><\/div><\/div><\/div><\/p><\/div><\/p>\n","protected":false},"excerpt":{"rendered":"","protected":false},"author":1,"featured_media":6449,"parent":0,"menu_order":0,"comment_status":"closed","ping_status":"closed","template":"","meta":{"_monsterinsights_skip_tracking":false,"_monsterinsights_sitenote_active":false,"_monsterinsights_sitenote_note":"","_monsterinsights_sitenote_category":0,"footnotes":""},"class_list":["post-6661","page","type-page","status-publish","has-post-thumbnail","hentry"],"aioseo_notices":[],"_links":{"self":[{"href":"https:\/\/jalalmalaksha.com\/index.php?rest_route=\/wp\/v2\/pages\/6661","targetHints":{"allow":["GET"]}}],"collection":[{"href":"https:\/\/jalalmalaksha.com\/index.php?rest_route=\/wp\/v2\/pages"}],"about":[{"href":"https:\/\/jalalmalaksha.com\/index.php?rest_route=\/wp\/v2\/types\/page"}],"author":[{"embeddable":true,"href":"https:\/\/jalalmalaksha.com\/index.php?rest_route=\/wp\/v2\/users\/1"}],"replies":[{"embeddable":true,"href":"https:\/\/jalalmalaksha.com\/index.php?rest_route=%2Fwp%2Fv2%2Fcomments&post=6661"}],"version-history":[{"count":3,"href":"https:\/\/jalalmalaksha.com\/index.php?rest_route=\/wp\/v2\/pages\/6661\/revisions"}],"predecessor-version":[{"id":7043,"href":"https:\/\/jalalmalaksha.com\/index.php?rest_route=\/wp\/v2\/pages\/6661\/revisions\/7043"}],"wp:featuredmedia":[{"embeddable":true,"href":"https:\/\/jalalmalaksha.com\/index.php?rest_route=\/wp\/v2\/media\/6449"}],"wp:attachment":[{"href":"https:\/\/jalalmalaksha.com\/index.php?rest_route=%2Fwp%2Fv2%2Fmedia&parent=6661"}],"curies":[{"name":"wp","href":"https:\/\/api.w.org\/{rel}","templated":true}]}}